{"id":673,"date":"2022-01-27T16:23:21","date_gmt":"2022-01-27T15:23:21","guid":{"rendered":"https:\/\/www.physio-legden.de\/?page_id=673"},"modified":"2024-01-31T11:01:29","modified_gmt":"2024-01-31T10:01:29","slug":"sportverein-rug-victoria-legden-holtwick-e-v","status":"publish","type":"page","link":"https:\/\/www.physio-legden.de\/index.php\/sportverein-rug-victoria-legden-holtwick-e-v\/","title":{"rendered":"Sportverein RuG Victoria Legden-Holtwick e.V."},"content":{"rendered":"\n<p class=\"has-large-font-size\"><\/p>\n\n\n<div id=\"gutenslider-pj202lsim\" class=\"wp-block-eedee-block-gutenslider gs-frontend content-change alignfull arrow-style-1 arrow-position-sides arrow-mb-none arrows-lg arrows-md arrows-sm dot-style-1 dots-lg dots-md dots-sm dot-position-bottom is-position-center-center mb-none wrap-auto-height\" data-parallax-direction=\"down\" data-parallax-amount=\"1.3\" data-lg-transition=\"lg-slide\" data-hash=\"\" ><div class=\"eedee-swiper-outer\" style=\"--gutenslider-min-height: 50vh;--gutenslider-arrow-size: 30px;--gutenslider-dot-size: 25px;--gutenslider-arrow-color: #ffffff;--gutenslider-dot-color: #ffffff;--gutenslider-padding-y-mobile: 40px;--gutenslider-padding-x-mobile: 40px;--gutenslider-padding-y-tablet: 40px;--gutenslider-padding-x-tablet: 40px;--gutenslider-padding-y-desktop: 40px;--gutenslider-padding-x-desktop: 40px;--gutenslider-bg-image: url();--gutenslider-min-height-md: 50vh;--gutenslider-min-height-sm: 50vh;--gutenslider-padding-x: 40px;--gutenslider-padding-x-md: 40px;--gutenslider-padding-x-sm: 20px;--gutenslider-padding-y: 40px;--gutenslider-padding-y-md: 40px;--gutenslider-padding-y-sm: 20px;--gutenslider-arrow-size-md: 30px;--gutenslider-arrow-size-sm: 30px;--gutenslider-dot-size-md: 25px;--gutenslider-dot-size-sm: 25px;--gutenslider-arrow-bg-color: transparent;--gutenslider-arrow-hover-color: #eeeeee;--gutenslider-arrow-bg-hover-color: transparent;--gutenslider-arrow-x-offset: 10px;--gutenslider-arrow-x-offset-md: 10px;--gutenslider-arrow-x-offset-sm: 10px;--gutenslider-arrow-y-offset: 0px;--gutenslider-arrow-y-offset-md: 0px;--gutenslider-arrow-y-offset-sm: 0px;--gutenslider-arrow-x-spacing: 0px;--gutenslider-dot-y-offset: 10px;--gutenslider-dot-y-offset-md: 10px;--gutenslider-dot-y-offset-sm: 10px;--gutenslider-margin-x: 0px;--gutenslider-margin-x-md: 0px;--gutenslider-margin-x-sm: 0px;--gutenslider-margin-y: 0px;--gutenslider-margin-y-md: 0px;--gutenslider-margin-y-sm: 0px;--gutenslider-divider-top: 60px;--gutenslider-divider-bottom: 60px;--gutenslider-lightgallery-bg: #ffffff;--gutenslider-lightgallery-font: #000000;--gs-first-pos: 50% 50%;--gs-gap-vertical: var( --wp--style--gallery-gap-default, var( --gallery-block--gutter-size, var( --wp--style--block-gap, 0.5em ) ) );--gs-gap-horizontal: var( --wp--style--gallery-gap-default, var( --gallery-block--gutter-size, var( --wp--style--block-gap, 0.5em ) ) );\"><div class=\"gutenslider-divider-top\" style=\"color:#fff;\"><\/div><div class=\"swiper\" data-settings='{\"autoplay\":{\"delay\":3000,\"pauseOnMouseEnter\":true,\"disableOnInteraction\":false},\"speed\":700,\"direction\":\"horizontal\",\"autoHeight\":\"\",\"loop\":true,\"centeredSlides\":true,\"spaceBetween\":0,\"slidesPerView\":1,\"slidesPerGroup\":1,\"effect\":\"slide\",\"coverflowEffect\":{\"rotate\":30,\"slideShadows\":false,\"depth\":100,\"stretch\":50,\"modifier\":1},\"fadeEffect\":{\"crossFade\":true},\"zoom\":\"\",\"navigation\":{\"nextEl\":\"#gutenslider-pj202lsim .eedee-gutenslider-next\",\"prevEl\":\"#gutenslider-pj202lsim .eedee-gutenslider-prev\"},\"pagination\":{\"type\":\"bullets\",\"clickable\":true,\"dynamicBullets\":false,\"el\":\"#gutenslider-pj202lsim .eedee-gutenslider-pagination\"},\"pauseOnHover\":\"1\",\"watchSlidesProgress\":true,\"watchSlidesVisibility\":true,\"settingsMd\":{\"autoHeight\":\"\",\"slidesPerView\":1,\"slidesPerGroup\":1,\"spaceBetween\":0,\"loop\":true},\"settingsLg\":{\"autoHeight\":\"\",\"slidesPerView\":1,\"slidesPerGroup\":1,\"spaceBetween\":0,\"loop\":true},\"hasLg\":false,\"hasLgCounter\":true,\"isFullScreen\":false,\"arrowsFollowMouse\":false,\"lgTitle\":\"none\",\"lgCaption\":\"none\",\"lgThumbnails\":true,\"lgZoomEnabled\":false,\"keyboard\":{\"keyboard\":{\"enabled\":true,\"onlyInViewport\":true}},\"hashNavigation\":false,\"dividers\":false}'><div class=\"swiper-wrapper\">\n<div class=\"swiper-slide wp-block-eedee-block-gutenslide is-position-center-center ed-bg-image\" style=\"--ed-vw:300;--ed-vh:200;\" data-hash=\"\"><div class=\"eedee-background-div bg-image\"><img loading=\"lazy\" width=\"1280\" height=\"853\" class=\"wp-image-613\" src=\"https:\/\/www.physio-legden.de\/wp-content\/uploads\/2022\/01\/physio-praxis-teuber-schiermann-trainingstherapie-02.jpeg\" alt=\"\" decoding=\"async\" style=\"object-fit: cover; object-position: 50% 50%;\"  data-title=\"physio-praxis-teuber-schiermann-trainingstherapie-02\" srcset=\"https:\/\/www.physio-legden.de\/wp-content\/uploads\/2022\/01\/physio-praxis-teuber-schiermann-trainingstherapie-02.jpeg 1280w, https:\/\/www.physio-legden.de\/wp-content\/uploads\/2022\/01\/physio-praxis-teuber-schiermann-trainingstherapie-02-300x200.jpeg 300w, https:\/\/www.physio-legden.de\/wp-content\/uploads\/2022\/01\/physio-praxis-teuber-schiermann-trainingstherapie-02-1024x682.jpeg 1024w, https:\/\/www.physio-legden.de\/wp-content\/uploads\/2022\/01\/physio-praxis-teuber-schiermann-trainingstherapie-02-768x512.jpeg 768w\" sizes=\"auto, (max-width: 1280px) 100vw, 1280px\" \/><div class=\"eedee-background-div__overlay\" style=\"opacity:1;\"><\/div><\/div><div class=\"slide-content\">\n\n<p class=\"has-text-align-center gutenslider-content-initial has-larger-font-size\"><\/p>\n\n<\/div><\/div>\n\n<div class=\"swiper-slide wp-block-eedee-block-gutenslide is-position-center-center ed-bg-image\" style=\"--ed-vw:300;--ed-vh:200;\" data-hash=\"\"><div class=\"eedee-background-div bg-image\"><img loading=\"lazy\" width=\"1280\" height=\"853\" class=\"wp-image-614\" src=\"https:\/\/www.physio-legden.de\/wp-content\/uploads\/2022\/01\/physio-praxis-teuber-schiermann-trainingstherapie-03.jpeg\" alt=\"\" decoding=\"async\" style=\"object-fit: cover; object-position: 50% 50%;\"  data-title=\"physio-praxis-teuber-schiermann-trainingstherapie-03\" srcset=\"https:\/\/www.physio-legden.de\/wp-content\/uploads\/2022\/01\/physio-praxis-teuber-schiermann-trainingstherapie-03.jpeg 1280w, https:\/\/www.physio-legden.de\/wp-content\/uploads\/2022\/01\/physio-praxis-teuber-schiermann-trainingstherapie-03-300x200.jpeg 300w, https:\/\/www.physio-legden.de\/wp-content\/uploads\/2022\/01\/physio-praxis-teuber-schiermann-trainingstherapie-03-1024x682.jpeg 1024w, https:\/\/www.physio-legden.de\/wp-content\/uploads\/2022\/01\/physio-praxis-teuber-schiermann-trainingstherapie-03-768x512.jpeg 768w\" sizes=\"auto, (max-width: 1280px) 100vw, 1280px\" \/><div class=\"eedee-background-div__overlay\" style=\"opacity:1;\"><\/div><\/div><div class=\"slide-content\">\n\n<p class=\"has-text-align-center gutenslider-content-initial has-larger-font-size\"><\/p>\n\n<\/div><\/div>\n\n<div class=\"swiper-slide wp-block-eedee-block-gutenslide is-position-center-center ed-bg-image\" style=\"--ed-vw:300;--ed-vh:200;\" data-hash=\"\"><div class=\"eedee-background-div bg-image\"><img loading=\"lazy\" width=\"1280\" height=\"853\" class=\"wp-image-612\" src=\"https:\/\/www.physio-legden.de\/wp-content\/uploads\/2022\/01\/physio-praxis-teuber-schiermann-trainingstherapie-01.jpeg\" alt=\"\" decoding=\"async\" style=\"object-fit: cover; object-position: 50% 50%;\"  data-title=\"physio-praxis-teuber-schiermann-trainingstherapie-01\" srcset=\"https:\/\/www.physio-legden.de\/wp-content\/uploads\/2022\/01\/physio-praxis-teuber-schiermann-trainingstherapie-01.jpeg 1280w, https:\/\/www.physio-legden.de\/wp-content\/uploads\/2022\/01\/physio-praxis-teuber-schiermann-trainingstherapie-01-300x200.jpeg 300w, https:\/\/www.physio-legden.de\/wp-content\/uploads\/2022\/01\/physio-praxis-teuber-schiermann-trainingstherapie-01-1024x682.jpeg 1024w, https:\/\/www.physio-legden.de\/wp-content\/uploads\/2022\/01\/physio-praxis-teuber-schiermann-trainingstherapie-01-768x512.jpeg 768w\" sizes=\"auto, (max-width: 1280px) 100vw, 1280px\" \/><div class=\"eedee-background-div__overlay\" style=\"opacity:1;\"><\/div><\/div><div class=\"slide-content\">\n\n<p class=\"has-text-align-center gutenslider-content-initial has-larger-font-size\"><\/p>\n\n<\/div><\/div>\n<\/div><\/div><button class=\"eedee-gutenslider-nav eedee-gutenslider-prev\"><svg xmlns=\"http:\/\/www.w3.org\/2000\/svg\" viewBox=\"0 0 24 24\" width=\"24\" height=\"24\"><circle class=\"bg\" cx=\"13\" cy=\"12\" r=\"11\" \/><path fill=\"none\" d=\"M0 0h24v24H0z\"\/><path class=\"arrow\" d=\"M10.828 12l4.95 4.95-1.414 1.414L8 12l6.364-6.364 1.414 1.414z\"\/><\/svg><\/button><button class=\"eedee-gutenslider-nav eedee-gutenslider-next\"><svg xmlns=\"http:\/\/www.w3.org\/2000\/svg\" viewBox=\"0 0 24 24\" width=\"24\" height=\"24\"><circle class=\"bg\" cx=\"11\" cy=\"12\" r=\"11\" \/><path fill=\"none\" d=\"M0 0h24v24H0z\"\/><path class=\"arrow\" d=\"M13.172 12l-4.95-4.95 1.414-1.414L16 12l-6.364 6.364-1.414-1.414z\"\/><\/svg><\/button><div class=\"eedee-gutenslider-pagination\"><\/div><div class=\"gutenslider-divider-bottom \" style=\"color:#fff;\"><\/div><\/div><\/div>\n\n\n<figure class=\"wp-block-image alignfull size-large is-style-default\"><img loading=\"lazy\" decoding=\"async\" width=\"1024\" height=\"192\" src=\"https:\/\/www.physio-legden.de\/wp-content\/uploads\/2022\/01\/physio-praxis-teuber-schiermann-theresa-von-avila-1024x192.jpg\" alt=\"\" class=\"wp-image-702\" srcset=\"https:\/\/www.physio-legden.de\/wp-content\/uploads\/2022\/01\/physio-praxis-teuber-schiermann-theresa-von-avila-1024x192.jpg 1024w, https:\/\/www.physio-legden.de\/wp-content\/uploads\/2022\/01\/physio-praxis-teuber-schiermann-theresa-von-avila-300x56.jpg 300w, https:\/\/www.physio-legden.de\/wp-content\/uploads\/2022\/01\/physio-praxis-teuber-schiermann-theresa-von-avila-768x144.jpg 768w, https:\/\/www.physio-legden.de\/wp-content\/uploads\/2022\/01\/physio-praxis-teuber-schiermann-theresa-von-avila-1600x301.jpg 1600w, https:\/\/www.physio-legden.de\/wp-content\/uploads\/2022\/01\/physio-praxis-teuber-schiermann-theresa-von-avila-1536x289.jpg 1536w, https:\/\/www.physio-legden.de\/wp-content\/uploads\/2022\/01\/physio-praxis-teuber-schiermann-theresa-von-avila-2048x385.jpg 2048w\" sizes=\"auto, (max-width: 1024px) 100vw, 1024px\" \/><\/figure>\n\n\n\n<div class=\"wp-block-group alignfull has-white-background-color has-background is-layout-flow wp-block-group-is-layout-flow\"><div class=\"wp-block-group__inner-container\">\n<hr class=\"wp-block-separator has-text-color has-css-opacity has-background aligncenter is-style-default\" style=\"background-color:#bccf00;color:#bccf00\"\/>\n\n\n\n<h2 class=\"wp-block-heading\" id=\"sportverein-rug-victoria-legden-holtwick-e-v\">Sportverein Rug victoria legden-holtwick e.v.<\/h2>\n\n\n\n<p><\/p>\n\n\n\n<p>Unsere Praxis kooperiert mit dem Sportverein RuG Victoria Legden-Holtwick e.V. . Werden Sie Mitglied und nutzen Sie die vielen Angebote aus unserem Programm. <\/p>\n\n\n\n<p><\/p>\n\n\n\n<p>In erster Linie dient der Verein dem Gesundheitssport in der Gruppe. Der Verein gilt als Motivator besonders f\u00fcr diejenigen, die sich bis jetzt nicht getraut hatten sich in einer Gruppe zu bewegen. Denn in unseren Sportgruppen sind \u00fcberwiegend Menschen, die ein k\u00f6rperliches Handycap haben. Also keiner muss sich beweisen, alle sitzen im selben Boot, auch wenn die Boote unterschiedlich gro\u00df sind.<\/p>\n\n\n\n<p>Unsere Sportgruppen werden nicht nur von einfachen \u00dcbungsleitern moderiert, sondern zus\u00e4tzlich ist jeder Trainer mit einer medizinischen Ausbildung\/Studium ausgestattet. Das Know-how steht neben dem eigentlichen sportlichen Spa\u00df ganz vorne an.<\/p>\n\n\n\n<p><strong>Folgende Kurse sind im Angebot:<\/strong><\/p>\n\n\n\n<ul class=\"wp-block-list\">\n<li>Rehasport<\/li>\n\n\n\n<li>Yoga <\/li>\n\n\n\n<li>Zumba <\/li>\n\n\n\n<li>Nordic Walking<\/li>\n\n\n\n<li>R\u00fcckenschule nach Dr. Br\u00fcgger f\u00fcr Erwachsene und Kinder<\/li>\n\n\n\n<li>Autogenes Training<\/li>\n<\/ul>\n\n\n\n<p><\/p>\n\n\n\n<p>Wir freuen uns, dass Sie sich f\u00fcr uns interessieren. Scheuen Sie nicht uns zu kontaktieren, gerne helfen wir Ihnen bei offenen Fragen weiter!<\/p>\n\n\n\n<p>F\u00fcr genaue Kurszeiten und freie Pl\u00e4tze , nehmen Sie bitte Kontakt mit uns auf unter  0 25 66 \/ 97 27 97!<\/p>\n<\/div><\/div>\n\n\n\t\t\t<div \n\t\t\tclass=\"wp-block-uagb-google-map uagb-google-map__wrap uagb-block-459f2d6d     alignfull\"\n\t\t\tstyle=\"\" >\n\t\t\t\t<embed\n\t\t\t\t\tclass=\"uagb-google-map__iframe\"\n\t\t\t\t\ttitle=\"Google Map for \"\n\t\t\t\t\tsrc=\"https:\/\/maps.google.com\/maps?q=Asbecker%20Stra%C3%9Fe%201%2048739%20Legden&#038;z=12&#038;hl=de&#038;t=m&#038;output=embed&#038;iwloc=near\"\n\t\t\t\t\twidth=\"640\"\n\t\t\t\t\theight=\"300\"\n\t\t\t\t\tloading=\"lazy\"\n\t\t\t\t><\/embed>\n\t\t\t<\/div>\n\t\t\t","protected":false},"excerpt":{"rendered":"<p>Sportverein Rug victoria legden-holtwick e.v. Unsere Praxis kooperiert mit dem Sportverein RuG Victoria Legden-Holtwick e.V. . Werden Sie Mitglied und nutzen Sie die vielen Angebote aus unserem Programm. In erster Linie dient der Verein dem Gesundheitssport in der Gruppe. Der Verein gilt als Motivator besonders f\u00fcr diejenigen, die sich bis jetzt nicht getraut hatten sich [&hellip;]<\/p>\n","protected":false},"author":1,"featured_media":0,"parent":0,"menu_order":0,"comment_status":"closed","ping_status":"closed","template":"","meta":{"_uag_custom_page_level_css":"","site-sidebar-layout":"no-sidebar","site-content-layout":"plain-container","ast-site-content-layout":"normal-width-container","site-content-style":"unboxed","site-sidebar-style":"unboxed","ast-global-header-display":"","ast-banner-title-visibility":"","ast-main-header-display":"","ast-hfb-above-header-display":"","ast-hfb-below-header-display":"","ast-hfb-mobile-header-display":"","site-post-title":"disabled","ast-breadcrumbs-content":"","ast-featured-img":"","footer-sml-layout":"","ast-disable-related-posts":"","theme-transparent-header-meta":"enabled","adv-header-id-meta":"","stick-header-meta":"","header-above-stick-meta":"","header-main-stick-meta":"","header-below-stick-meta":"","astra-migrate-meta-layouts":"set","ast-page-background-enabled":"default","ast-page-background-meta":{"desktop":{"background-color":"","background-image":"","background-repeat":"repeat","background-position":"center center","background-size":"auto","background-attachment":"scroll","background-type":"","background-media":"","overlay-type":"","overlay-color":"","overlay-opacity":"","overlay-gradient":""},"tablet":{"background-color":"","background-image":"","background-repeat":"repeat","background-position":"center center","background-size":"auto","background-attachment":"scroll","background-type":"","background-media":"","overlay-type":"","overlay-color":"","overlay-opacity":"","overlay-gradient":""},"mobile":{"background-color":"","background-image":"","background-repeat":"repeat","background-position":"center center","background-size":"auto","background-attachment":"scroll","background-type":"","background-media":"","overlay-type":"","overlay-color":"","overlay-opacity":"","overlay-gradient":""}},"ast-content-background-meta":{"desktop":{"background-color":"var(--ast-global-color-5)","background-image":"","background-repeat":"repeat","background-position":"center center","background-size":"auto","background-attachment":"scroll","background-type":"","background-media":"","overlay-type":"","overlay-color":"","overlay-opacity":"","overlay-gradient":""},"tablet":{"background-color":"var(--ast-global-color-5)","background-image":"","background-repeat":"repeat","background-position":"center center","background-size":"auto","background-attachment":"scroll","background-type":"","background-media":"","overlay-type":"","overlay-color":"","overlay-opacity":"","overlay-gradient":""},"mobile":{"background-color":"var(--ast-global-color-5)","background-image":"","background-repeat":"repeat","background-position":"center center","background-size":"auto","background-attachment":"scroll","background-type":"","background-media":"","overlay-type":"","overlay-color":"","overlay-opacity":"","overlay-gradient":""}},"footnotes":""},"class_list":["post-673","page","type-page","status-publish","hentry"],"aioseo_notices":[],"uagb_featured_image_src":{"full":false,"thumbnail":false,"medium":false,"medium_large":false,"large":false,"gs-tiny":false,"xl":false,"xxl":false,"xxxl":false,"xxxxl":false,"xxxxxl":false,"1536x1536":false,"2048x2048":false},"uagb_author_info":{"display_name":"Physio-Legden","author_link":"https:\/\/www.physio-legden.de\/index.php\/author\/danny\/"},"uagb_comment_info":0,"uagb_excerpt":"Sportverein Rug victoria legden-holtwick e.v. Unsere Praxis kooperiert mit dem Sportverein RuG Victoria Legden-Holtwick e.V. . Werden Sie Mitglied und nutzen Sie die vielen Angebote aus unserem Programm. In erster Linie dient der Verein dem Gesundheitssport in der Gruppe. Der Verein gilt als Motivator besonders f\u00fcr diejenigen, die sich bis jetzt nicht getraut hatten sich&hellip;","_links":{"self":[{"href":"https:\/\/www.physio-legden.de\/index.php\/wp-json\/wp\/v2\/pages\/673","targetHints":{"allow":["GET"]}}],"collection":[{"href":"https:\/\/www.physio-legden.de\/index.php\/wp-json\/wp\/v2\/pages"}],"about":[{"href":"https:\/\/www.physio-legden.de\/index.php\/wp-json\/wp\/v2\/types\/page"}],"author":[{"embeddable":true,"href":"https:\/\/www.physio-legden.de\/index.php\/wp-json\/wp\/v2\/users\/1"}],"replies":[{"embeddable":true,"href":"https:\/\/www.physio-legden.de\/index.php\/wp-json\/wp\/v2\/comments?post=673"}],"version-history":[{"count":15,"href":"https:\/\/www.physio-legden.de\/index.php\/wp-json\/wp\/v2\/pages\/673\/revisions"}],"predecessor-version":[{"id":876,"href":"https:\/\/www.physio-legden.de\/index.php\/wp-json\/wp\/v2\/pages\/673\/revisions\/876"}],"wp:attachment":[{"href":"https:\/\/www.physio-legden.de\/index.php\/wp-json\/wp\/v2\/media?parent=673"}],"curies":[{"name":"wp","href":"https:\/\/api.w.org\/{rel}","templated":true}]}}