{"id":195,"date":"2021-08-27T10:35:33","date_gmt":"2021-08-27T08:35:33","guid":{"rendered":"\/\/www.physio-legden.de\/?page_id=195"},"modified":"2024-01-26T08:44:34","modified_gmt":"2024-01-26T07:44:34","slug":"impressum","status":"publish","type":"page","link":"https:\/\/www.physio-legden.de\/index.php\/impressum\/","title":{"rendered":"Impressum"},"content":{"rendered":"<div id=\"gutenslider-d63brp5b\" class=\"wp-block-eedee-block-gutenslider gs-frontend content-change alignfull arrow-style-1 arrow-position-sides arrow-mb-none arrows-lg arrows-md arrows-sm dot-style-1 dots-lg dots-md dots-sm dot-position-bottom is-position-center-center mb-none wrap-auto-height\" data-parallax-direction=\"down\" data-parallax-amount=\"1.3\" data-lg-transition=\"lg-slide\" data-hash=\"\" ><div class=\"eedee-swiper-outer\" style=\"--gutenslider-min-height: 50vh;--gutenslider-arrow-size: 30px;--gutenslider-dot-size: 25px;--gutenslider-arrow-color: #ffffff;--gutenslider-dot-color: #ffffff;--gutenslider-padding-y-mobile: 40px;--gutenslider-padding-x-mobile: 40px;--gutenslider-padding-y-tablet: 40px;--gutenslider-padding-x-tablet: 40px;--gutenslider-padding-y-desktop: 40px;--gutenslider-padding-x-desktop: 40px;--gutenslider-bg-image: url();--gutenslider-min-height-md: 50vh;--gutenslider-min-height-sm: 50vh;--gutenslider-padding-x: 40px;--gutenslider-padding-x-md: 40px;--gutenslider-padding-x-sm: 20px;--gutenslider-padding-y: 40px;--gutenslider-padding-y-md: 40px;--gutenslider-padding-y-sm: 20px;--gutenslider-arrow-size-md: 30px;--gutenslider-arrow-size-sm: 30px;--gutenslider-dot-size-md: 25px;--gutenslider-dot-size-sm: 25px;--gutenslider-arrow-bg-color: transparent;--gutenslider-arrow-hover-color: #eeeeee;--gutenslider-arrow-bg-hover-color: transparent;--gutenslider-arrow-x-offset: 10px;--gutenslider-arrow-x-offset-md: 10px;--gutenslider-arrow-x-offset-sm: 10px;--gutenslider-arrow-y-offset: 0px;--gutenslider-arrow-y-offset-md: 0px;--gutenslider-arrow-y-offset-sm: 0px;--gutenslider-arrow-x-spacing: 0px;--gutenslider-dot-y-offset: 10px;--gutenslider-dot-y-offset-md: 10px;--gutenslider-dot-y-offset-sm: 10px;--gutenslider-margin-x: 0px;--gutenslider-margin-x-md: 0px;--gutenslider-margin-x-sm: 0px;--gutenslider-margin-y: 0px;--gutenslider-margin-y-md: 0px;--gutenslider-margin-y-sm: 0px;--gutenslider-divider-top: 60px;--gutenslider-divider-bottom: 60px;--gutenslider-lightgallery-bg: #ffffff;--gutenslider-lightgallery-font: #000000;--gs-first-pos: 50% 72%;--gs-gap-vertical: var( --wp--style--gallery-gap-default, var( --gallery-block--gutter-size, var( --wp--style--block-gap, 0.5em ) ) );--gs-gap-horizontal: var( --wp--style--gallery-gap-default, var( --gallery-block--gutter-size, var( --wp--style--block-gap, 0.5em ) ) );\"><div class=\"gutenslider-divider-top\" style=\"color:#fff;\"><\/div><div class=\"swiper\" data-settings='{\"autoplay\":{\"delay\":3000,\"pauseOnMouseEnter\":true,\"disableOnInteraction\":false},\"speed\":700,\"direction\":\"horizontal\",\"autoHeight\":\"\",\"loop\":true,\"centeredSlides\":true,\"spaceBetween\":0,\"slidesPerView\":1,\"slidesPerGroup\":1,\"effect\":\"slide\",\"coverflowEffect\":{\"rotate\":30,\"slideShadows\":false,\"depth\":100,\"stretch\":50,\"modifier\":1},\"fadeEffect\":{\"crossFade\":true},\"zoom\":\"\",\"navigation\":{\"nextEl\":\"#gutenslider-d63brp5b .eedee-gutenslider-next\",\"prevEl\":\"#gutenslider-d63brp5b .eedee-gutenslider-prev\"},\"pagination\":{\"type\":\"bullets\",\"clickable\":true,\"dynamicBullets\":false,\"el\":\"#gutenslider-d63brp5b .eedee-gutenslider-pagination\"},\"pauseOnHover\":\"1\",\"watchSlidesProgress\":true,\"watchSlidesVisibility\":true,\"settingsMd\":{\"autoHeight\":\"\",\"slidesPerView\":1,\"slidesPerGroup\":1,\"spaceBetween\":0,\"loop\":true},\"settingsLg\":{\"autoHeight\":\"\",\"slidesPerView\":1,\"slidesPerGroup\":1,\"spaceBetween\":0,\"loop\":true},\"hasLg\":false,\"hasLgCounter\":true,\"isFullScreen\":false,\"arrowsFollowMouse\":false,\"lgTitle\":\"none\",\"lgCaption\":\"none\",\"lgThumbnails\":true,\"lgZoomEnabled\":false,\"keyboard\":{\"keyboard\":{\"enabled\":true,\"onlyInViewport\":true}},\"hashNavigation\":false,\"dividers\":false}'><div class=\"swiper-wrapper\">\n<div class=\"swiper-slide wp-block-eedee-block-gutenslide is-position-center-center ed-bg-image\" style=\"--ed-vw:300;--ed-vh:200;\" data-hash=\"\"><div class=\"eedee-background-div bg-image\"><img loading=\"lazy\" width=\"1280\" height=\"853\" class=\"wp-image-578\" src=\"https:\/\/www.physio-legden.de\/wp-content\/uploads\/2022\/01\/physio-praxis-teuber-schiermann-behandlung-legden-01.jpeg\" alt=\"\" decoding=\"async\" style=\"object-fit: cover; object-position: 50% 72%;\"  data-title=\"physio-praxis-teuber-schiermann-behandlung-legden-01\" srcset=\"https:\/\/www.physio-legden.de\/wp-content\/uploads\/2022\/01\/physio-praxis-teuber-schiermann-behandlung-legden-01.jpeg 1280w, https:\/\/www.physio-legden.de\/wp-content\/uploads\/2022\/01\/physio-praxis-teuber-schiermann-behandlung-legden-01-300x200.jpeg 300w, https:\/\/www.physio-legden.de\/wp-content\/uploads\/2022\/01\/physio-praxis-teuber-schiermann-behandlung-legden-01-1024x682.jpeg 1024w, https:\/\/www.physio-legden.de\/wp-content\/uploads\/2022\/01\/physio-praxis-teuber-schiermann-behandlung-legden-01-768x512.jpeg 768w\" sizes=\"auto, (max-width: 1280px) 100vw, 1280px\" \/><div class=\"eedee-background-div__overlay\" style=\"opacity:1;\"><\/div><\/div><div class=\"slide-content\">\n\n<p class=\"has-text-align-center gutenslider-content-initial has-larger-font-size\"><\/p>\n\n<\/div><\/div>\n\n<div class=\"swiper-slide wp-block-eedee-block-gutenslide is-position-center-center ed-bg-image\" style=\"--ed-vw:300;--ed-vh:200;\" data-hash=\"\"><div class=\"eedee-background-div bg-image\"><img loading=\"lazy\" width=\"1280\" height=\"853\" class=\"wp-image-606\" src=\"https:\/\/www.physio-legden.de\/wp-content\/uploads\/2022\/01\/physio-praxis-teuber-schiermann-team-03.jpg\" alt=\"\" decoding=\"async\" style=\"object-fit: cover; object-position: 49% 35%;\"  data-title=\"physio-praxis-teuber-schiermann-team-03\" srcset=\"https:\/\/www.physio-legden.de\/wp-content\/uploads\/2022\/01\/physio-praxis-teuber-schiermann-team-03.jpg 1280w, https:\/\/www.physio-legden.de\/wp-content\/uploads\/2022\/01\/physio-praxis-teuber-schiermann-team-03-300x200.jpg 300w, https:\/\/www.physio-legden.de\/wp-content\/uploads\/2022\/01\/physio-praxis-teuber-schiermann-team-03-1024x682.jpg 1024w, https:\/\/www.physio-legden.de\/wp-content\/uploads\/2022\/01\/physio-praxis-teuber-schiermann-team-03-768x512.jpg 768w\" sizes=\"auto, (max-width: 1280px) 100vw, 1280px\" \/><div class=\"eedee-background-div__overlay\" style=\"opacity:1;\"><\/div><\/div><div class=\"slide-content\">\n\n<p class=\"has-text-align-center gutenslider-content-initial has-larger-font-size\"><\/p>\n\n<\/div><\/div>\n\n<div class=\"swiper-slide wp-block-eedee-block-gutenslide is-position-center-center ed-bg-image\" style=\"--ed-vw:300;--ed-vh:200;\" data-hash=\"\"><div class=\"eedee-background-div bg-image\"><img loading=\"lazy\" width=\"1280\" height=\"853\" class=\"wp-image-580\" src=\"https:\/\/www.physio-legden.de\/wp-content\/uploads\/2022\/01\/physio-praxis-teuber-schiermann-behandlung-legden-03.jpeg\" alt=\"\" decoding=\"async\" style=\"object-fit: cover; object-position: 52% 65%;\"  data-title=\"physio-praxis-teuber-schiermann-behandlung-legden-03\" srcset=\"https:\/\/www.physio-legden.de\/wp-content\/uploads\/2022\/01\/physio-praxis-teuber-schiermann-behandlung-legden-03.jpeg 1280w, https:\/\/www.physio-legden.de\/wp-content\/uploads\/2022\/01\/physio-praxis-teuber-schiermann-behandlung-legden-03-300x200.jpeg 300w, https:\/\/www.physio-legden.de\/wp-content\/uploads\/2022\/01\/physio-praxis-teuber-schiermann-behandlung-legden-03-1024x682.jpeg 1024w, https:\/\/www.physio-legden.de\/wp-content\/uploads\/2022\/01\/physio-praxis-teuber-schiermann-behandlung-legden-03-768x512.jpeg 768w\" sizes=\"auto, (max-width: 1280px) 100vw, 1280px\" \/><div class=\"eedee-background-div__overlay\" style=\"opacity:1;\"><\/div><\/div><div class=\"slide-content\">\n\n<p class=\"has-text-align-center gutenslider-content-initial has-larger-font-size\"><\/p>\n\n<\/div><\/div>\n\n<div class=\"swiper-slide wp-block-eedee-block-gutenslide is-position-center-center ed-bg-image\" style=\"--ed-vw:300;--ed-vh:200;\" data-hash=\"\"><div class=\"eedee-background-div bg-image\"><img loading=\"lazy\" width=\"1280\" height=\"853\" class=\"wp-image-575\" src=\"https:\/\/www.physio-legden.de\/wp-content\/uploads\/2022\/01\/physio-praxis-teuber-schiermann-behandlung-holtwick-01.jpg\" alt=\"\" decoding=\"async\" style=\"object-fit: cover; object-position: 50% 65%;\"  data-title=\"physio-praxis-teuber-schiermann-behandlung-holtwick-01\" srcset=\"https:\/\/www.physio-legden.de\/wp-content\/uploads\/2022\/01\/physio-praxis-teuber-schiermann-behandlung-holtwick-01.jpg 1280w, https:\/\/www.physio-legden.de\/wp-content\/uploads\/2022\/01\/physio-praxis-teuber-schiermann-behandlung-holtwick-01-300x200.jpg 300w, https:\/\/www.physio-legden.de\/wp-content\/uploads\/2022\/01\/physio-praxis-teuber-schiermann-behandlung-holtwick-01-1024x682.jpg 1024w, https:\/\/www.physio-legden.de\/wp-content\/uploads\/2022\/01\/physio-praxis-teuber-schiermann-behandlung-holtwick-01-768x512.jpg 768w\" sizes=\"auto, (max-width: 1280px) 100vw, 1280px\" \/><div class=\"eedee-background-div__overlay\" style=\"opacity:1;\"><\/div><\/div><div class=\"slide-content\">\n\n<p class=\"has-text-align-center gutenslider-content-initial has-larger-font-size\"><\/p>\n\n<\/div><\/div>\n<\/div><\/div><button class=\"eedee-gutenslider-nav eedee-gutenslider-prev\"><svg xmlns=\"http:\/\/www.w3.org\/2000\/svg\" viewBox=\"0 0 24 24\" width=\"24\" height=\"24\"><circle class=\"bg\" cx=\"13\" cy=\"12\" r=\"11\" \/><path fill=\"none\" d=\"M0 0h24v24H0z\"\/><path class=\"arrow\" d=\"M10.828 12l4.95 4.95-1.414 1.414L8 12l6.364-6.364 1.414 1.414z\"\/><\/svg><\/button><button class=\"eedee-gutenslider-nav eedee-gutenslider-next\"><svg xmlns=\"http:\/\/www.w3.org\/2000\/svg\" viewBox=\"0 0 24 24\" width=\"24\" height=\"24\"><circle class=\"bg\" cx=\"11\" cy=\"12\" r=\"11\" \/><path fill=\"none\" d=\"M0 0h24v24H0z\"\/><path class=\"arrow\" d=\"M13.172 12l-4.95-4.95 1.414-1.414L16 12l-6.364 6.364-1.414-1.414z\"\/><\/svg><\/button><div class=\"eedee-gutenslider-pagination\"><\/div><div class=\"gutenslider-divider-bottom \" style=\"color:#fff;\"><\/div><\/div><\/div>\n\n\n<div class=\"inherit-container-width wp-block-group alignfull has-white-background-color has-background is-layout-constrained wp-block-group-is-layout-constrained\"><div class=\"wp-block-group__inner-container\">\n<h2 class=\"wp-block-heading has-text-align-center\" id=\"impressum\">Impressum<\/h2>\n\n\n\n<hr class=\"wp-block-separator has-text-color has-css-opacity has-background aligncenter\" style=\"background-color:#bccf00;color:#bccf00\"\/>\n\n\n\n<p>Zentrum f\u00fcr Physio &amp; Rehasport<br>Asbecker Stra\u00dfe 1<br>48739 Legden<\/p>\n\n\n\n<p>Telefon: 0 25 66 \/ 16 16<br>Fax: 0 25 66 \/ 16 15<\/p>\n\n\n\n<p>E-Mail: <a href=\"mailto:info@physio-legden.de\">info@physio-legden.de<\/a><br>Website: www.physio-legden.de<\/p>\n\n\n\n<p>Gesch\u00e4ftsf\u00fchrung:<br>Jessica Teuber, Stefanie Schiermann<\/p>\n\n\n\n<p>Berufsbezeichnung: Physiotherapeuten<\/p>\n\n\n\n<p>RuG Victoria Legden &amp; Holtwick e.V.<br>Asbecker Stra\u00dfe 1<br>48739 Legden<\/p>\n\n\n\n<p>Registergericht: Amtsgericht Coesfeld<br>Registernummer: VR 1766<\/p>\n\n\n\n<p>Angaben zur Berufshaftpflichtversicherung:<br>Verantwortlich f\u00fcr den Inhalt nach \u00a7 55 Abs. 2 RStV:<br>Jessica Teuber, Stefanie Schiermann<\/p>\n\n\n\n<p>Quellenangaben f\u00fcr die verwendeten Bilder und Grafiken:<br><em>\u00a9 Daldrup Grafikdesign<\/em><\/p>\n\n\n\n<p>Haftungsausschluss (Disclaimer)<br>Haftung f\u00fcr Inhalte<br>Als Diensteanbieter sind wir gem\u00e4\u00df \u00a7 7 Abs.1 TMG f\u00fcr eigene Inhalte auf diesen Seiten nach den allgemeinen Gesetzen verantwortlich. Nach \u00a7\u00a7 8 bis 10 TMG sind wir als Diensteanbieter jedoch nicht verpflichtet, \u00fcbermittelte oder gespeicherte fremde Informationen zu \u00fcberwachen oder nach Umst\u00e4nden zu forschen, die auf eine rechtswidrige T\u00e4tigkeit hinweisen. Verpflichtungen zur Entfernung oder Sperrung der Nutzung von Informationen nach den allgemeinen Gesetzen bleiben hiervon unber\u00fchrt. Eine diesbez\u00fcgliche Haftung ist jedoch erst ab dem Zeitpunkt der Kenntnis einer konkreten Rechtsverletzung m\u00f6glich. Bei Bekanntwerden von entsprechenden Rechtsverletzungen werden wir diese Inhalte umgehend entfernen.<\/p>\n\n\n\n<p>Haftung f\u00fcr Links<br>Unser Angebot enth\u00e4lt Links zu externen Webseiten Dritter, auf deren Inhalte wir keinen Einfluss haben. Deshalb k\u00f6nnen wir f\u00fcr diese fremden Inhalte auch keine Gew\u00e4hr \u00fcbernehmen. F\u00fcr die Inhalte der verlinkten Seiten ist stets der jeweilige Anbieter oder Betreiber der Seiten verantwortlich. Die verlinkten Seiten wurden zum Zeitpunkt der Verlinkung auf m\u00f6gliche Rechtsverst\u00f6\u00dfe \u00fcberpr\u00fcft. Rechtswidrige Inhalte waren zum Zeitpunkt der Verlinkung nicht erkennbar. Eine permanente inhaltliche Kontrolle der verlinkten Seiten ist jedoch ohne konkrete Anhaltspunkte einer Rechtsverletzung nicht zumutbar. Bei Bekanntwerden von Rechtsverletzungen werden wir derartige Links umgehend entfernen.<\/p>\n\n\n\n<p>Urheberrecht<br>Die durch die Seitenbetreiber erstellten Inhalte und Werke auf diesen Seiten unterliegen dem deutschen Urheberrecht. Die Vervielf\u00e4ltigung, Bearbeitung, Verbreitung und jede Art der Verwertung au\u00dferhalb der Grenzen des Urheberrechtes bed\u00fcrfen der schriftlichen Zustimmung des jeweiligen Autors bzw. Erstellers. Downloads und Kopien dieser Seite sind nur f\u00fcr den privaten, nicht kommerziellen Gebrauch gestattet. Soweit die Inhalte auf dieser Seite nicht vom Betreiber erstellt wurden, werden die Urheberrechte Dritter beachtet. Insbesondere werden Inhalte Dritter als solche gekennzeichnet. Sollten Sie trotzdem auf eine Urheberrechtsverletzung aufmerksam werden, bitten wir um einen entsprechenden Hinweis. Bei Bekanntwerden von Rechtsverletzungen werden wir derartige Inhalte umgehend entfernen.<\/p>\n\n\n\n<p>Konzeption und Gestaltung:<br>Daldrup Grafikdesign<br>Ei\u00dfingort 59a<br>48739 Legden<\/p>\n\n\n\n<p>Telefon: 0 25 66 \/ 90 94 91<br>Website: <a href=\"http:\/\/rottmann-daldrup.de\" target=\"_blank\" rel=\"noreferrer noopener\">www.rottmann-daldrup.de<\/a><br>E-Mail: <a href=\"mailto:design@rottmann-daldrup.de\">design@rottmann-daldrup.de<\/a><\/p>\n<\/div><\/div>\n\n\n\t\t\t<div \n\t\t\tclass=\"wp-block-uagb-google-map uagb-google-map__wrap uagb-block-97746dbf     alignfull\"\n\t\t\tstyle=\"\" >\n\t\t\t\t<embed\n\t\t\t\t\tclass=\"uagb-google-map__iframe\"\n\t\t\t\t\ttitle=\"Google Map for \"\n\t\t\t\t\tsrc=\"https:\/\/maps.google.com\/maps?q=Asbecker%20Stra%C3%9Fe%201%2048739%20Legden&#038;z=12&#038;hl=de&#038;t=m&#038;output=embed&#038;iwloc=near\"\n\t\t\t\t\twidth=\"640\"\n\t\t\t\t\theight=\"300\"\n\t\t\t\t\tloading=\"lazy\"\n\t\t\t\t><\/embed>\n\t\t\t<\/div>\n\t\t\t","protected":false},"excerpt":{"rendered":"<p>Impressum Zentrum f\u00fcr Physio &amp; RehasportAsbecker Stra\u00dfe 148739 Legden Telefon: 0 25 66 \/ 16 16Fax: 0 25 66 \/ 16 15 E-Mail: info@physio-legden.deWebsite: www.physio-legden.de Gesch\u00e4ftsf\u00fchrung:Jessica Teuber, Stefanie Schiermann Berufsbezeichnung: Physiotherapeuten RuG Victoria Legden &amp; Holtwick e.V.Asbecker Stra\u00dfe 148739 Legden Registergericht: Amtsgericht CoesfeldRegisternummer: VR 1766 Angaben zur Berufshaftpflichtversicherung:Verantwortlich f\u00fcr den Inhalt nach \u00a7 55 Abs. [&hellip;]<\/p>\n","protected":false},"author":1,"featured_media":0,"parent":0,"menu_order":0,"comment_status":"closed","ping_status":"closed","template":"","meta":{"_uag_custom_page_level_css":"","site-sidebar-layout":"no-sidebar","site-content-layout":"plain-container","ast-site-content-layout":"normal-width-container","site-content-style":"unboxed","site-sidebar-style":"unboxed","ast-global-header-display":"","ast-banner-title-visibility":"","ast-main-header-display":"","ast-hfb-above-header-display":"","ast-hfb-below-header-display":"","ast-hfb-mobile-header-display":"","site-post-title":"disabled","ast-breadcrumbs-content":"","ast-featured-img":"","footer-sml-layout":"","ast-disable-related-posts":"","theme-transparent-header-meta":"enabled","adv-header-id-meta":"","stick-header-meta":"","header-above-stick-meta":"","header-main-stick-meta":"","header-below-stick-meta":"","astra-migrate-meta-layouts":"set","ast-page-background-enabled":"default","ast-page-background-meta":{"desktop":{"background-color":"","background-image":"","background-repeat":"repeat","background-position":"center center","background-size":"auto","background-attachment":"scroll","background-type":"","background-media":"","overlay-type":"","overlay-color":"","overlay-opacity":"","overlay-gradient":""},"tablet":{"background-color":"","background-image":"","background-repeat":"repeat","background-position":"center center","background-size":"auto","background-attachment":"scroll","background-type":"","background-media":"","overlay-type":"","overlay-color":"","overlay-opacity":"","overlay-gradient":""},"mobile":{"background-color":"","background-image":"","background-repeat":"repeat","background-position":"center center","background-size":"auto","background-attachment":"scroll","background-type":"","background-media":"","overlay-type":"","overlay-color":"","overlay-opacity":"","overlay-gradient":""}},"ast-content-background-meta":{"desktop":{"background-color":"var(--ast-global-color-5)","background-image":"","background-repeat":"repeat","background-position":"center center","background-size":"auto","background-attachment":"scroll","background-type":"","background-media":"","overlay-type":"","overlay-color":"","overlay-opacity":"","overlay-gradient":""},"tablet":{"background-color":"var(--ast-global-color-5)","background-image":"","background-repeat":"repeat","background-position":"center center","background-size":"auto","background-attachment":"scroll","background-type":"","background-media":"","overlay-type":"","overlay-color":"","overlay-opacity":"","overlay-gradient":""},"mobile":{"background-color":"var(--ast-global-color-5)","background-image":"","background-repeat":"repeat","background-position":"center center","background-size":"auto","background-attachment":"scroll","background-type":"","background-media":"","overlay-type":"","overlay-color":"","overlay-opacity":"","overlay-gradient":""}},"footnotes":""},"class_list":["post-195","page","type-page","status-publish","hentry"],"aioseo_notices":[],"uagb_featured_image_src":{"full":false,"thumbnail":false,"medium":false,"medium_large":false,"large":false,"gs-tiny":false,"xl":false,"xxl":false,"xxxl":false,"xxxxl":false,"xxxxxl":false,"1536x1536":false,"2048x2048":false},"uagb_author_info":{"display_name":"Physio-Legden","author_link":"https:\/\/www.physio-legden.de\/index.php\/author\/danny\/"},"uagb_comment_info":0,"uagb_excerpt":"Impressum Zentrum f\u00fcr Physio &amp; RehasportAsbecker Stra\u00dfe 148739 Legden Telefon: 0 25 66 \/ 16 16Fax: 0 25 66 \/ 16 15 E-Mail: info@physio-legden.deWebsite: www.physio-legden.de Gesch\u00e4ftsf\u00fchrung:Jessica Teuber, Stefanie Schiermann Berufsbezeichnung: Physiotherapeuten RuG Victoria Legden &amp; Holtwick e.V.Asbecker Stra\u00dfe 148739 Legden Registergericht: Amtsgericht CoesfeldRegisternummer: VR 1766 Angaben zur Berufshaftpflichtversicherung:Verantwortlich f\u00fcr den Inhalt nach \u00a7 55 Abs.&hellip;","_links":{"self":[{"href":"https:\/\/www.physio-legden.de\/index.php\/wp-json\/wp\/v2\/pages\/195","targetHints":{"allow":["GET"]}}],"collection":[{"href":"https:\/\/www.physio-legden.de\/index.php\/wp-json\/wp\/v2\/pages"}],"about":[{"href":"https:\/\/www.physio-legden.de\/index.php\/wp-json\/wp\/v2\/types\/page"}],"author":[{"embeddable":true,"href":"https:\/\/www.physio-legden.de\/index.php\/wp-json\/wp\/v2\/users\/1"}],"replies":[{"embeddable":true,"href":"https:\/\/www.physio-legden.de\/index.php\/wp-json\/wp\/v2\/comments?post=195"}],"version-history":[{"count":9,"href":"https:\/\/www.physio-legden.de\/index.php\/wp-json\/wp\/v2\/pages\/195\/revisions"}],"predecessor-version":[{"id":826,"href":"https:\/\/www.physio-legden.de\/index.php\/wp-json\/wp\/v2\/pages\/195\/revisions\/826"}],"wp:attachment":[{"href":"https:\/\/www.physio-legden.de\/index.php\/wp-json\/wp\/v2\/media?parent=195"}],"curies":[{"name":"wp","href":"https:\/\/api.w.org\/{rel}","templated":true}]}}